{"id":227,"date":"2024-08-27T20:52:34","date_gmt":"2024-08-27T18:52:34","guid":{"rendered":"https:\/\/www.msctyrlistek-vdf.cz\/?page_id=227"},"modified":"2026-01-28T13:14:42","modified_gmt":"2026-01-28T12:14:42","slug":"trida-pro-deti-se-soubeznym-postizenim-vice-vadami","status":"publish","type":"page","link":"https:\/\/www.msctyrlistek-vdf.cz\/index.php\/ctyrlistek\/trida-pro-deti-se-soubeznym-postizenim-vice-vadami\/","title":{"rendered":"T\u0159\u00edda pro d\u011bti s posti\u017een\u00edm v\u00edce vadami"},"content":{"rendered":"\n<div class=\"wp-block-columns is-layout-flex wp-container-core-columns-is-layout-9d6595d7 wp-block-columns-is-layout-flex\">\n<div class=\"wp-block-column is-layout-flow wp-block-column-is-layout-flow\" style=\"flex-basis:66%\">\n<div class=\"wp-block-group\"><div class=\"wp-block-group__inner-container is-layout-constrained wp-block-group-is-layout-constrained\">\n<h2 class=\"wp-block-heading\">VV1<\/h2>\n\n\n\n<figure class=\"wp-block-table table-horizontal-frames\"><table><tbody><tr><td><strong>T\u0159\u00eddn\u00ed u\u010ditelky<\/strong><\/td><td>Richard Wiesner, Ludmila Durgalov\u00e1<\/td><\/tr><tr><td><strong>Asistent pedagoga<\/strong><\/td><td>Jitka Skalov\u00e1<\/td><\/tr><\/tbody><\/table><\/figure>\n<\/div><\/div>\n\n\n\n<div class=\"wp-block-group\"><div class=\"wp-block-group__inner-container is-layout-constrained wp-block-group-is-layout-constrained\">\n<h2 class=\"wp-block-heading\">VV2<\/h2>\n\n\n\n<figure class=\"wp-block-table table-horizontal-frames\"><table><tbody><tr><td><strong>T\u0159\u00eddn\u00ed u\u010ditelky<\/strong><\/td><td>Tereza Hru\u0161kov\u00e1, Zdena Saidlov\u00e1<\/td><\/tr><tr><td><strong>Asistent pedagoga<\/strong><\/td><td>Kl\u00e1ra \u017date\u010dkov\u00e1<\/td><\/tr><\/tbody><\/table><\/figure>\n<\/div><\/div>\n<\/div>\n\n\n\n<div class=\"wp-block-column is-layout-flow wp-block-column-is-layout-flow\" style=\"flex-basis:33%\"><div class=\"gallery-link-box\" style=\"background-image: linear-gradient(rgba(255,255,255,0.1), rgba(255,255,255,0.1)), url(https:\/\/www.msctyrlistek-vdf.cz\/wp-content\/uploads\/photo-gallery\/LOGO\/Vanoce_2025\/thumb\/IMG20251211095352_01.jpg)\"><p><a href=\"https:\/\/www.msctyrlistek-vdf.cz\/index.php\/ctyrlistek\/trida-pro-deti-se-soubeznym-postizenim-vice-vadami\/galerie-vv\/\">Fotogalerie<\/a><\/p><\/div>\n<\/div>\n<\/div>\n\n\n\n<p>T\u0159\u00edda VV 1 &#8211; heterogenn\u00ed skupina, ve skupin\u011b je 6 d\u011bt\u00ed se speci\u00e1ln\u00edmi vzd\u011bl\u00e1vac\u00edmi pot\u0159ebami v rozmez\u00ed od 2,5 do 7 let. Z toho 5 chlapc\u016f a 1 d\u00edvka. Jedno d\u00edt\u011b je po odkladu \u0161koln\u00ed doch\u00e1zky.<\/p>\n\n\n\n<p>T\u0159\u00edda VV 2 &#8211; heterogenn\u00ed skupina, ve skupin\u011b je 5 d\u011bt\u00ed (chlapc\u016f) se speci\u00e1ln\u011b vzd\u011bl\u00e1vac\u00edmi pot\u0159ebami v rozmez\u00ed od 3 do 6 let.<\/p>\n\n\n\n<p><strong>Na\u0161e t\u0159\u00edda je ur\u010dena d\u011btem s r\u016fzn\u00fdmi typy posti\u017een\u00ed, kter\u00fdm poskytujeme komplexn\u00ed p\u00e9\u010di a individu\u00e1ln\u00ed podporu.<\/strong> Pracujeme podle individu\u00e1ln\u00edch vzd\u011bl\u00e1vac\u00edch pl\u00e1n\u016f ve spolupr\u00e1ci se SPC D\u011b\u010d\u00edn ( pracovi\u0161t\u011b Rumburk) a SPC \u00dast\u00ed nad Labem- Demosthenes. Zam\u011b\u0159ujeme se na rozvoj soci\u00e1ln\u00edch a komunika\u010dn\u00edch dovednost\u00ed, rehabilita\u010dn\u00ed techniky a terapeutick\u00e9 aktivity, kter\u00e9 podporuj\u00ed fyzick\u00fd, emocion\u00e1ln\u00ed i kognitivn\u00ed v\u00fdvoj d\u011bt\u00ed.<\/p>\n\n\n\n<p>V\u00fduka prob\u00edh\u00e1 v duchu t\u00e9matu <strong>\u201e Hrajeme si cel\u00fd rok\u201c<\/strong> a p\u0159izp\u016fsobujeme ji individu\u00e1ln\u00edm pot\u0159eb\u00e1m d\u011bt\u00ed. Spolupracujeme s t\u0159\u00eddou VV 2 na spole\u010dn\u00fdch aktivit\u00e1ch, kulturn\u00edch, sportovn\u00edch i z\u00e1bavn\u00fdch akc\u00edch. Ve \u0161koln\u00edm roce 2025\/2026 se d\u011bti zapoj\u00ed do <strong>plav\u00e1n\u00ed a canisterapie<\/strong>, kter\u00e9 p\u0159isp\u00edvaj\u00ed k jejich celkov\u00e9mu rozvoji.<\/p>\n\n\n\n<p>Spolupr\u00e1ce s rodi\u010di prob\u00edh\u00e1 pravideln\u011b formou sch\u016fzek, pohovor\u016f a ka\u017edodenn\u00ed komunikace. Rodi\u010de zapojujeme i do akc\u00ed \u0161koly. Pr\u016fb\u011b\u017en\u011b sledujeme a vyhodnocujeme pln\u011bn\u00ed IVP pomoc\u00ed r\u016fzn\u00fdch metod a v \u00fazk\u00e9 spolupr\u00e1ci s poradensk\u00fdmi za\u0159\u00edzen\u00edmi.<\/p>\n\n\n\n<p><strong>D\u00edky souhlasu rodi\u010d\u016f mohou d\u011bti vyu\u017e\u00edvat hyperbarickou komoru <\/strong>za doprovodu u\u010ditelky. Na\u0161\u00edm c\u00edlem je vytvo\u0159it d\u011btem se speci\u00e1ln\u00edmi vzd\u011bl\u00e1vac\u00edmi pot\u0159ebami prost\u0159ed\u00ed, kde se budou c\u00edtit dob\u0159e, rozv\u00edjet sv\u016fj potenci\u00e1l a jejich rodi\u010de budou spokojeni.<\/p>\n\n\n\n<p><\/p>\n","protected":false},"excerpt":{"rendered":"<p>VV1 T\u0159\u00eddn\u00ed u\u010ditelky Richard Wiesner, Ludmila Durgalov\u00e1 Asistent pedagoga Jitka Skalov\u00e1 VV2 T\u0159\u00eddn\u00ed u\u010ditelky Tereza Hru\u0161kov\u00e1, Zdena Saidlov\u00e1 Asistent pedagoga Kl\u00e1ra \u017date\u010dkov\u00e1 T\u0159\u00edda VV 1 &#8211; heterogenn\u00ed skupina, ve skupin\u011b je 6 d\u011bt\u00ed se speci\u00e1ln\u00edmi vzd\u011bl\u00e1vac\u00edmi pot\u0159ebami v rozmez\u00ed od 2,5 do 7 let. Z toho 5 chlapc\u016f a 1 d\u00edvka. Jedno d\u00edt\u011b je po &#8230; <a title=\"T\u0159\u00edda pro d\u011bti s posti\u017een\u00edm v\u00edce vadami\" class=\"read-more\" href=\"https:\/\/www.msctyrlistek-vdf.cz\/index.php\/ctyrlistek\/trida-pro-deti-se-soubeznym-postizenim-vice-vadami\/\" aria-label=\"\u010c\u00edst v\u00edce o T\u0159\u00edda pro d\u011bti s posti\u017een\u00edm v\u00edce vadami\">\u010c\u00edst d\u00e1l<\/a><\/p>\n","protected":false},"author":1,"featured_media":0,"parent":155,"menu_order":0,"comment_status":"closed","ping_status":"closed","template":"","meta":{"footnotes":""},"categories":[],"tags":[15,8],"class_list":{"0":"post-227","1":"page","2":"type-page","3":"status-publish","5":"tag-no_news","6":"tag-trida"},"_links":{"self":[{"href":"https:\/\/www.msctyrlistek-vdf.cz\/index.php\/wp-json\/wp\/v2\/pages\/227","targetHints":{"allow":["GET"]}}],"collection":[{"href":"https:\/\/www.msctyrlistek-vdf.cz\/index.php\/wp-json\/wp\/v2\/pages"}],"about":[{"href":"https:\/\/www.msctyrlistek-vdf.cz\/index.php\/wp-json\/wp\/v2\/types\/page"}],"author":[{"embeddable":true,"href":"https:\/\/www.msctyrlistek-vdf.cz\/index.php\/wp-json\/wp\/v2\/users\/1"}],"replies":[{"embeddable":true,"href":"https:\/\/www.msctyrlistek-vdf.cz\/index.php\/wp-json\/wp\/v2\/comments?post=227"}],"version-history":[{"count":29,"href":"https:\/\/www.msctyrlistek-vdf.cz\/index.php\/wp-json\/wp\/v2\/pages\/227\/revisions"}],"predecessor-version":[{"id":1622,"href":"https:\/\/www.msctyrlistek-vdf.cz\/index.php\/wp-json\/wp\/v2\/pages\/227\/revisions\/1622"}],"up":[{"embeddable":true,"href":"https:\/\/www.msctyrlistek-vdf.cz\/index.php\/wp-json\/wp\/v2\/pages\/155"}],"wp:attachment":[{"href":"https:\/\/www.msctyrlistek-vdf.cz\/index.php\/wp-json\/wp\/v2\/media?parent=227"}],"wp:term":[{"taxonomy":"category","embeddable":true,"href":"https:\/\/www.msctyrlistek-vdf.cz\/index.php\/wp-json\/wp\/v2\/categories?post=227"},{"taxonomy":"post_tag","embeddable":true,"href":"https:\/\/www.msctyrlistek-vdf.cz\/index.php\/wp-json\/wp\/v2\/tags?post=227"}],"curies":[{"name":"wp","href":"https:\/\/api.w.org\/{rel}","templated":true}]}}

Třída pro děti s postižením více vadami

<div class="wp-block-columns is-layout-flex wp-container-core-columns-is-layout-9d6595d7 wp-block-columns-is-layout-flex">
<div class="wp-block-column is-layout-flow wp-block-column-is-layout-flow" style="flex-basis:66%">
<div class="wp-block-group"><div class="wp-block-group__inner-container is-layout-constrained wp-block-group-is-layout-constrained">
<h2 class="wp-block-heading">VV1</h2>



<figure class="wp-block-table table-horizontal-frames"><table><tbody><tr><td><strong>Třídní učitelky</strong></td><td>Richard Wiesner, Ludmila Durgalová</td></tr><tr><td><strong>Asistent pedagoga</strong></td><td>Jitka Skalová</td></tr></tbody></table></figure>
</div></div>



<div class="wp-block-group"><div class="wp-block-group__inner-container is-layout-constrained wp-block-group-is-layout-constrained">
<h2 class="wp-block-heading">VV2</h2>



<figure class="wp-block-table table-horizontal-frames"><table><tbody><tr><td><strong>Třídní učitelky</strong></td><td>Tereza Hrušková, Zdena Saidlová</td></tr><tr><td><strong>Asistent pedagoga</strong></td><td>Klára Žatečková</td></tr></tbody></table></figure>
</div></div>
</div>



<div class="wp-block-column is-layout-flow wp-block-column-is-layout-flow" style="flex-basis:33%"><div class="gallery-link-box" style="background-image: linear-gradient(rgba(255,255,255,0.1), rgba(255,255,255,0.1)), url(https://www.msctyrlistek-vdf.cz/wp-content/uploads/photo-gallery/LOGO/Vanoce_2025/thumb/IMG20251211095352_01.jpg)"><p><a href="https://www.msctyrlistek-vdf.cz/index.php/ctyrlistek/trida-pro-deti-se-soubeznym-postizenim-vice-vadami/galerie-vv/">Fotogalerie</a></p></div>
</div>
</div>



<p>Třída VV 1 &#8211; heterogenní skupina, ve skupině je 6 dětí se speciálními vzdělávacími potřebami v rozmezí od 2,5 do 7 let. Z toho 5 chlapců a 1 dívka. Jedno dítě je po odkladu školní docházky.</p>



<p>Třída VV 2 &#8211; heterogenní skupina, ve skupině je 5 dětí (chlapců) se speciálně vzdělávacími potřebami v rozmezí od 3 do 6 let.</p>



<p><strong>Naše třída je určena dětem s různými typy postižení, kterým poskytujeme komplexní péči a individuální podporu.</strong> Pracujeme podle individuálních vzdělávacích plánů ve spolupráci se SPC Děčín ( pracoviště Rumburk) a SPC Ústí nad Labem- Demosthenes. Zaměřujeme se na rozvoj sociálních a komunikačních dovedností, rehabilitační techniky a terapeutické aktivity, které podporují fyzický, emocionální i kognitivní vývoj dětí.</p>



<p>Výuka probíhá v duchu tématu <strong>„ Hrajeme si celý rok“</strong> a přizpůsobujeme ji individuálním potřebám dětí. Spolupracujeme s třídou VV 2 na společných aktivitách, kulturních, sportovních i zábavných akcích. Ve školním roce 2025/2026 se děti zapojí do <strong>plavání a canisterapie</strong>, které přispívají k jejich celkovému rozvoji.</p>



<p>Spolupráce s rodiči probíhá pravidelně formou schůzek, pohovorů a každodenní komunikace. Rodiče zapojujeme i do akcí školy. Průběžně sledujeme a vyhodnocujeme plnění IVP pomocí různých metod a v úzké spolupráci s poradenskými zařízeními.</p>



<p><strong>Díky souhlasu rodičů mohou děti využívat hyperbarickou komoru </strong>za doprovodu učitelky. Naším cílem je vytvořit dětem se speciálními vzdělávacími potřebami prostředí, kde se budou cítit dobře, rozvíjet svůj potenciál a jejich rodiče budou spokojeni.</p>



<p></p>

<p>VV1 Třídní učitelky Richard Wiesner, Ludmila Durgalová Asistent pedagoga Jitka Skalová VV2 Třídní učitelky Tereza Hrušková, Zdena Saidlová Asistent pedagoga Klára Žatečková Třída VV 1 &#8211; heterogenní skupina, ve skupině je 6 dětí se speciálními vzdělávacími potřebami v rozmezí od 2,5 do 7 let. Z toho 5 chlapců a 1 dívka. Jedno dítě je po &#8230; <a title="Třída pro děti s postižením více vadami" class="read-more" href="https://www.msctyrlistek-vdf.cz/index.php/ctyrlistek/trida-pro-deti-se-soubeznym-postizenim-vice-vadami/" aria-label="Číst více o Třída pro děti s postižením více vadami">Číst dál</a></p>
